he prime factors of 124808546.
2, 62404273
What are the prime factors of 103554875?
5, 137, 6047
What are the prime factors of 35109226?
2, 19, 37, 24971
List the prime factors of 85980647.
23, 3738289
List the prime factors of 529757867.
19, 27881993
List the prime factors of 92083187.
7, 13154741
What are the prime factors of 108599697?
3, 67, 20011
List the prime factors of 286346600.
2, 5, 1431733
What are the prime factors of 259386099?
3, 7, 421, 29339
What are the prime factors of 5320121?
137, 38833
What are the prime factors of 58144866?
2, 3, 13, 149, 5003
List the prime factors of 928397467.
928397467
What are the prime factors of 140809153?
140809153
List the prime factors of 137169142.
2, 11, 2053, 3037
What are the prime factors of 184067078?
2, 13, 619, 11437
List the prime factors of 59890088.
2, 7486261
What are the prime factors of 33840537?
3, 73, 154523
List the prime factors of 914480527.
43, 1723, 12343
What are the prime factors of 119698521?
3, 257, 155251
List the prime factors of 1492830691.
11, 135711881
List the prime factors of 802461488.
2, 109, 460127
What are the prime factors of 295008319?
59, 443, 11287
List the prime factors of 36273863.
36273863
List the prime factors of 401491045.
5, 607, 132287
What are the prime factors of 5437478718?
2, 3, 7, 43154593
What are the prime factors of 4859909820?
2, 3, 5, 139, 64747
List the prime factors of 932889607.
13, 19, 3776881
What are the prime factors of 300813272?
2, 37601659
What are the prime factors of 50465164?
2, 2539, 4969
What are the prime factors of 2758833461?
41, 67288621
List the prime factors of 702957913.
7, 3083, 32573
List the prime factors of 1684773316.
2, 5737, 73417
What are the prime factors of 93615355?
5, 431, 43441
List the prime factors of 393655739.
1021, 385559
List the prime factors of 2976942329.
457, 491, 13267
What are the prime factors of 494983223?
7, 29, 2438341
What are the prime factors of 873303?
3, 291101
What are the prime factors of 5823951006?
2, 3, 59, 16451839
List the prime factors of 5362644.
2, 3, 7, 63841
List the prime factors of 196496862.
2, 3, 37, 197, 4493
List the prime factors of 6122892036.
2, 3, 71, 2357, 3049
List the prime factors of 852784059.
3, 284261353
What are the prime factors of 182327077?
71, 2567987
List the prime factors of 23518066.
2, 11, 13, 82231
What are the prime factors of 23545361?
7, 29, 115987
List the prime factors of 83321840.
2, 5, 7, 19, 41, 191
List the prime factors of 596392918.
2, 11, 73, 371353
List the prime factors of 12004960.
2, 5, 11, 19, 359
What are the prime factors of 21819882?
2, 3, 7, 519521
List the prime factors of 20317962.
2, 3, 7, 483761
What are the prime factors of 3699990892?
2, 13, 97, 727, 1009
What are the prime factors of 14348878?
2, 7174439
What are the prime factors of 7922985?
3, 5, 7, 61, 1237
What are the prime factors of 466397098?
2, 233198549
List the prime factors of 54238738.
2, 17, 23, 43, 1613
List the prime factors of 3158505349.
1307, 2416607
List the prime factors of 41815859.
41, 1019899
What are the prime factors of 26972299?
3727, 7237
List the prime factors of 755497723.
71, 2333, 4561
What are the prime factors of 711698959?
23, 37, 71, 11779
What are the prime factors of 82864985?
5, 7, 19, 353
What are the prime factors of 378379458?
2, 3, 7007027
What are the prime factors of 5782285803?
3, 7, 17, 16196879
What are the prime factors of 25503131?
25503131
What are the prime factors of 209920000?
2, 5, 41
List the prime factors of 44116368.
2, 3, 743, 1237
List the prime factors of 58279128.
2, 3, 17, 142841
What are the prime factors of 304415182?
2, 152207591
What are the prime factors of 155848667?
13, 23, 41, 12713
List the prime factors of 2364703156.
2, 15787, 37447
What are the prime factors of 102716166?
2, 3, 7, 19, 128717
List the prime factors of 86054861.
29, 2967409
What are the prime factors of 767609677?
3323, 230999
List the prime factors of 234118193.
5527, 42359
List the prime factors of 67920813.
3, 29, 433, 601
List the prime factors of 270446109.
3, 90148703
What are the prime factors of 663311654?
2, 37, 2357, 3803
What are the prime factors of 90237719?
11, 13, 48541
What are the prime factors of 443884248?
2, 3, 6165059
List the prime factors of 733387683.
3, 7, 23, 613, 2477
What are the prime factors of 50509910?
2, 5, 11, 459181
What are the prime factors of 2734174?
2, 1367087
What are the prime factors of 154140193?
271, 568783
What are the prime factors of 261837309?
3, 19, 4593637
What are the prime factors of 67137445?
5, 2843, 4723
What are the prime factors of 80597050?
2, 5, 19, 43, 1973
List the prime factors of 1964673300.
2, 3, 5, 6548911
What are the prime factors of 419169096?
2, 3, 5821793
What are the prime factors of 515035966?
2, 101, 2549683
List the prime factors of 97221627.
3, 193, 691
What are the prime factors of 10447876?
2, 211, 12379
What are the prime factors of 60598181?
7, 47, 184189
What are the prime factors of 52751801?
31, 53, 97, 331
List the prime factors of 32064260.
2, 5, 479, 3347
List the prime factors of 229056003.
3, 11, 449, 5153
What are the prime factors of 166157835?
3, 5, 11077189
List the prime factors of 171541877.
13, 13195529
What are the prime factors of 63107129?
167, 377887
What are the prime factors of 83370084?
2, 3, 7, 173, 5737
List the prime factors of 2927280254.
2, 2377, 615751
List the prime factors of 93366982.
2, 23, 2029717
List the prime factors of 1447086360.
2, 3, 5, 19, 634687
What are the prime factors of 311206583?
23, 619, 21859
List the prime factors of 232335712.
2, 7, 1037213
What are the prime factors of 229580318?
2, 11, 439, 2161
List the prime factors of 1796895057.
3, 181, 691, 4789
List the prime factors of 303412823.
7, 43344689
What are the prime factors of 328725045?
3, 5, 11, 664091
List the prime factors of 409967964.
2, 3, 7, 401, 4057
What are the prime factors of 437414979?
3, 19, 149, 51503
List the prime factors of 56230626.
2, 3, 401, 23371
What are the prime factors of 18050899?
53, 340583
List the prime factors of 7789419803.
11, 109, 6496597
List the prime factors of 34197349.
53, 645233
List the prime factors of 7260362333.
7, 37, 28032287
List the prime factors of 355966076.
2, 88991519
What are the prime factors of 6164859170?
2, 5, 881, 699757
What are the prime factors of 317065099?
13, 37, 499, 1321
List the prime factors of 1689315334.
2, 7, 61, 97, 20393
What are the prime factors of 49393829?
49393829
What are the prime factors of 415502918?
2, 131, 1585889
What are the prime factors of 1480417968?
2, 3, 1721, 17921
List the prime factors of 472365108.
2, 3, 29, 50273
What are the prime factors of 122337551?
7, 443, 39451
List the prime factors of 1087421871.
3, 71, 5105267
List the prime factors of 1344491221.
353, 3808757
List the prime factors of 7140544261.
19, 1217, 16253
List the prime factors of 7464176.
2, 449, 1039
List the prime factors of 64514479.
64514479
List the prime factors of 3311261.
1277, 2593
What are the prime factors of 877720227?
3, 23, 53, 240011
What are the prime factors of 65805247?
421, 156307
List the prime factors of 279460430.
2, 5, 419, 66697
List the prime factors of 67142159.
7, 769, 12473
List the prime factors of 37118402.
2, 67, 277003
List the prime factors of 850562683.
17, 19, 2633321
List the prime factors of 99908394.
2, 3, 16651399
List the prime factors of 3632422619.
7, 239, 2171203
What are the prime factors of 1069375662?
2, 3, 23, 227, 3793
What are the prime factors of 2427866551?
11, 61, 3618281
What are the prime factors of 507872502?
2, 3, 28215139
What are the prime factors of 81419820?
2, 3, 5, 29, 73, 641
What are the prime factors of 53779032?
2, 3, 307, 811
List the prime factors of 175527844.
2, 43881961
What are the prime factors of 177742493?
177742493
List the prime factors of 615592502.
2, 7, 73, 602341
List the prime factors of 60437642.
2, 509, 59369
List the prime factors of 1206764765.
5, 19, 331, 38377
List the prime factors of 4565056133.
11, 415005103
What are the prime factors of 887935935?
3, 5, 4691, 12619
List the prime factors of 146612594.
2, 409, 179233
What are the prime factors of 4147028246?
2, 17, 29, 4205911
List the pri